((-4)/(-6)). Is r(i) prime?
False
Let y be 4 + 2*32 - -2. Let p be ((-1)/(-2))/(7/y). Suppose 3*b - 72 = -5*i + 628, 0 = -b - p*i + 230. Is b a composite number?
True
Let x be (56 - (-4 - -5))*699. Suppose 14*m = 21349 + x. Is m a prime number?
True
Let d = 3117 + -1136. Is d prime?
False
Let t(a) be the third derivative of -11*a**4/24 + 5*a**3/3 - 6*a**2. Let l be t(-6). Suppose -3*u + 198 = -0*u + c, 3*c = u - l. Is u a prime number?
True
Let r(o) be the third derivative of o**5/30 + o**4/12 - 5*o**3/6 + 2*o**2. Suppose -p - p = -12. Is r(p) prime?
True
Is ((-15006)/(-6) - -2)*1 a composite number?
False
Let n = -10 + 8. Let m(b) = -3*b**2 - 17*b - 17. Let r(d) = -d**2 - d. Let s(i) = n*r(i) + m(i). Is s(-12) prime?
True
Is 156455/65 + 8/2 prime?
True
Let q(x) = x**3 + x**2 + x + 1. Let c(m) = -27*m**3 + 8*m**2 - 6*m + 1. Let y(n) = -c(n) + 2*q(n). Is y(4) a prime number?
False
Let z = -544 + 1277. Is z a composite number?
False
Suppose y = 1, -2*i = i + 5*y + 38647. Is (i/16)/((-3)/12) a composite number?
False
Let m(t) = -24*t**3 + t**2 - 4*t - 3. Let r be m(-2). Suppose 2*o = r + 437. Is o a composite number?
True
Is (4 + -231)*55/(-5) a prime number?
False
Suppose -2505*x + 2513*x - 72424 = 0. Is x a composite number?
True
Let i be 1/2*-4 + 4. Let c(q) = 5*q + 0*q**3 + 26*q**2 - i - 17*q**2 - q**3. Is c(7) composite?
False
Let w = -100 + 105. Suppose 0 = -w*c + 26273 - 1458. Is c composite?
True
Is 710207/15 + (-94)/705 prime?
False
Let t(f) = 14*f - 20. Let q be t(-11). Let d = 587 + q. Is d prime?
False
Let p(a) = -142*a + 3. Let j(f) = -f. Suppose k + 8 = -8*t + 3*t, -2*k - 5 = -t. Let g(r) = t*p(r) - 6*j(r). Is g(2) a prime number?
True
Let o(r) = -15*r + 1. Let c be o(1). Let f(x) = -x**3 - 9*x**2 + 18*x + 17. Is f(c) a composite number?
True
Let f(u) = 9*u**2 - 2*u - 3. Let a be f(-1). Is (3 - a)/5 + 288 prime?
False
Let m = -30 - -35. Is (-16)/(-40) - ((-4626)/m)/2 composite?
False
Suppose 41 + 77 = 3*i + q, 4*i + 3*q = 159. Suppose -5*b - z = -3199, 0*z - 5*z - 3205 = -5*b. Let d = i + b. Is d a composite number?
True
Suppose -23150 = -2*d + 2*l, -4*l + 57911 = -d + 6*d. Is d a prime number?
True
Let c = 18891 - -48454. Is c composite?
True
Let l = 4 - -8. Let s be l/(3*(-4)/(-6)). Is ((-74)/s)/((-13)/39) a composite number?
False
Let v be 2729 + (0 + 0)/(1 - 2). Let c = -1527 + v. Is c a composite number?
True
Suppose 6114 = w + 5*y, 4*w + 4*y - 5858 = 18678. Is w a prime number?
False
Suppose 2*u + 5*p - 25 = 0, 0*u = -2*u - 4*p + 22. Suppose 3*m = 4*q - 653, -5*m - 88 = u*q - 948. Is q composite?
False
Suppose 265 = 3*a - 41. Let h = 206 - a. Suppose -h = -5*f + 86. Is f prime?
False
Let j(c) = -4 - 9*c**2 - 2 - 2*c + 12*c**2 + 0. Let k = -1 + -4. Is j(k) composite?
False
Suppose 0 = 4*k + 7 + 17. Let l be 2/k - 416/12. Is 234/10 - (-14)/l a prime number?
True
Let f(v) = -v**3 + 70*v**2 - 190*v - 97. Is f(49) a prime number?
False
Let y = 10 - 8. Suppose -y*k = -4*k + 2*n + 52, -5*n - 15 = 0. Is k a composite number?
False
Suppose 11*t - 10*t - 1 = 0. Is 1*5783/t - 4 prime?
True
Let z = 46 - 29. Let d = z + -9. Suppose -5*h - 771 = -d*h. Is h prime?
True
Suppose 4*t - 2879 = -531. Is t composite?
False
Let l be (-11)/(11/4) + 12. Suppose -l*y = y - 16191. Is y prime?
False
Let x(f) = -f**3 + 45*f**2 + 38*f + 72. Let w be x(46). Let j(v) = -19*v**3 - 3*v**2 - v - 2. Let d be j(-3). Let b = d + w. Is b a composite number?
False
Let y(v) = -v + 5. Let m be y(3). Suppose 14*d = -8*d. Suppose 5*c - m*u - 133 = u, 2*c - u - 53 = d. Is c a composite number?
True
Suppose 0 = -3*j + 2*j - 1166. Let r = j - -1981. Is r prime?
False
Let s(z) = 16 + 1 + 5 + 9 - 114*z. Is s(-4) prime?
True
Suppose -255270 + 2657804 = 58*k. Is k a prime number?
False
Let k(t) = -9*t + 51. Let d be k(7). Let z(h) = 5*h**2 + 6*h - 9. Let p(x) = -x**2 - 1. Let b(s) = 4*p(s) + z(s). Is b(d) composite?
False
Suppose -2657 = 6*f - 29279. Suppose f = 5*r - 2248. Is r a prime number?
False
Let l(k) = 2*k**2 + 28*k - 2. Let v be l(-14). Let o be -1*5*6/(-15). Is (o + -1 + v)*-23 prime?
True
Suppose 16*o = 21*o - 8050. Let v = 3493 - o. Is v a prime number?
False
Let q(t) be the second derivative of t**5/20 + 2*t**4/3 - 4*t**3/3 + 3*t**2 + 3*t. Let p be q(-9). Let v = 26 + p. Is v composite?
False
Let b(f) = -f**2 - 2*f - 1655. Let l(w) = 4*w**2 + 9*w + 6619. Let z(s) = -9*b(s) - 2*l(s). Is z(0) a composite number?
False
Is (-9)/(-18)*(3 - 7970/(-2)) a prime number?
False
Is -3*1/(18/(-35778)) prime?
False
Let z(i) = -23*i**2 + 10. Let x(b) = -23*b**2 + 10. Let f(q) = -3*x(q) + 2*z(q). Let g be f(6). Is g*((-28)/(-8) - 3) composite?
False
Let d = -30 - -156. Suppose 0 = i + 2*i - d. Suppose l - 25 = i. Is l a composite number?
False
Let b be (-99)/(-6)*(-48)/(-18). Let r be (b/12 + -4)*-1101. Let t = r + -218. Is t a prime number?
True
Suppose -4*k + 9165 = k. Suppose x + m - 1815 = -2*x, 3*x - k = 5*m. Suppose -1723 = -i - x. Is i prime?
True
Suppose 8*b - 504 = -3760. Let l = 1080 + b. Is l a prime number?
True
Let a(b) = 48*b - 6. Let n be a(4). Suppose -586 = 8*g + 78. Let j = n + g. Is j composite?
False
Suppose 3 = g - 1. Let d = g - 5. Is (-486 + d)*(3 + -4) composite?
False
Let y be ((-19)/4)/(-1) - (-7)/28. Let p(m) = 17*m**2 - 12*m + 32. Is p(y) composite?
False
Is -4*(-31139)/8*2 a prime number?
True
Let l(g) = g**3 - 7*g**2 + 4*g + 17. Let f be l(6). Suppose 0*y - f*a = -5*y + 290, 232 = 4*y + 2*a. Is y prime?
False
Suppose 4*j - 2*w = 12648, j - 39*w - 3171 = -43*w. Is j prime?
True
Let i be (-1)/(-3) + (-75)/(-45). Let z be 0 + 3 - (1 + -1). Suppose 936 = z*p + 3*q, -q - 3 - i = 0. Is p composite?
False
Suppose 0*b = -5*b + 3*p + 30, 0 = -b - 3*p - 12. Suppose 4*n + 5*d + 4 = 2, -b*d - 8 = -n. Is -62*n*11/(-4) prime?
False
Suppose -4*o = 2*r - 38, 0 + 2 = o - 2*r. Is 246/(-4)*o/(-6) composite?
True
Let a(k) = -k**3 + 9*k**2 - 9*k + 4. Let h be a(12). Let j = 915 + h. Is j a prime number?
True
Let x(z) = 416*z**2 + z + 1. Let w be x(-1). Suppose 2*y - 444 = -4*u, 3*u + u - 5*y = w. Suppose f + g - u = 0, 2*g + 154 - 39 = f. Is f a composite number?
True
Let u = 982 - 593. Suppose 4*i = g - u, 0*g + i - 751 = -2*g. Is g a composite number?
True
Let i be 6/18*(0 + 3). Let m(a) = -5 + 3 + 10*a + i. Is m(9) a composite number?
False
Let q be 2 + (-1)/((-3)/(-15)). Let n(i) = -3 - 3 - 1 + 5 - 71*i. Is n(q) prime?
True
Let a = 5428 + -366. Is a prime?
False
Let f be 8/14*(-63)/(-18). Suppose -3*q + 21 = 2*v, 0 = -q + f*q - v - 2. Suppose q*a = -0*a + 955. Is a prime?
True
Suppose 15983 + 28063 = 18*j. Is j prime?
True
Let t(h) = -469*h**3 - 9*h**2 + 5*h + 5. Is t(-4) prime?
False
Let o(r) = 10*r + 1. Let a be o(-3). Is a/((2 - -1)/(-69)) a composite number?
True
Suppose 0 = 5*t + 4*i - 2221, -2*t - 3*i + 887 = -0*t. Suppose -t = -2*k + 3*q, -2*k + 2*q + 419 = -25. Is k prime?
False
Suppose -a = -12*a + 8206. Suppose n + 3*n - 592 = 4*z, 0 = 5*n + z - a. Is n composite?
False
Suppose f = -887 - 1102. Let h = f + 3742. Is h a prime number?
True
Let p(i) = 2*i**2 - 5*i - 1. Let d be p(21). Let s = -383 + d. Is s composite?
True
Suppose 0 = 2*w + 44 + 380. Let f = -97 - w. Is f prime?
False
Suppose 0 = 2*x - 36 + 16. Suppose x*g = 8*g + 422. Is g a prime number?
True
Suppose -6*o + 66 = -30. Suppose 12*a = o*a - 12884. Is a a prime number?
True
Let k(n) = -5 + 4 + n + 12*n**3 - n**2 + 0. Let d be k(1). Suppose 6*u = d*u - 670. Is u a composite number?
True
Suppose 9416 = 11*r - 27401. Is r a prime number?
True
Let q = -1678 - -7925. Is q prime?
True
Let x = 46370 + 30209. Is x a prime number?
True
Let v = 20 + -35. Let r = v + 17. Suppose 99 = r*s - 75. Is s prime?
False
Let g(p) = -168*p - 529. Is g(-51) composite?
False
Is -2*(-3)/(-30) + (-247896)/(-30) a composite number?
False
Is 373084/57 + 15/9 a prime number?
True
Let g be 774 + (-2 - -2*1). Let k be -94*(-22)/4*1. Let j = g - k. Is j a composite number?
False
Suppose -9 = -3*r - 3, 0 = -2*j + 4*r + 3394. Suppose l = 3*v + 559, -3*l - v + j = 2*v. Is l a prime number?
False
Is ((-30)/9)/((-5)/(-180870)*-4) a prime number?
False
Is 261856/20 + 14/70 a prime number?
True
Let c be (-3)/2*(6/9 - -2). Let n(q) = -7*q**3 + 3*q**2 + 2*q - 7. Is n(c) prime?
False
Suppose 4*i = 8, -i = a - 22895 - 10906. Is a 